 + -2. Let r be a(j). Calculate the greatest common divisor of u and r.
16
Suppose s - 2*s + 2 = 0. Let l be 4/(-3)*(-5 + s). Let i be l/(-14) + (-65)/(-7). What is the greatest common divisor of i and 9?
9
Let w = 20 + -10. Suppose -2*r + 78 = 2*t, -r + 4*t + 3 + 41 = 0. What is the highest common factor of r and w?
10
Let b be 2*(-4)/(-5 - -1) + 102. What is the greatest common factor of b and 13?
13
Suppose 0 = -c - 10 - 2. Let m be 0/(c/(-3) - 2). Suppose o - 5*k = 27, -o + m*k = -3*k - 21. Calculate the highest common factor of 96 and o.
12
Let v = 12 - -4. Calculate the highest common divisor of 40 and v.
8
Let m(i) = i**2 - 4*i + 2 + 8 + 3*i. Let x be m(0). Suppose 0 = 3*f - x - 8. What is the highest common divisor of f and 6?
6
Let v = -150 + 154. Let a(x) = -5*x + 4. Let g(m) = -11*m + 8. Let j(c) = 13*a(c) - 6*g(c). Let s be j(0). Calculate the highest common factor of v and s.
4
Let x = -11 + 5. Let d = -1 + -5. Let b be (-166)/d - 2/x. What is the greatest common divisor of 4 and b?
4
Suppose 4*n + v = -0*v + 21, 0 = -2*n + 5*v + 27. Let o be (1*82)/2 - -1. Calculate the greatest common factor of n and o.
6
Suppose -6*g + 2*g = -2*b - 96, 3*g - 82 = 4*b. What is the greatest common factor of g and 2?
2
Let i(b) = b**3 - 2*b**2 - b - 3. Let s be i(3). Let p(j) = 13*j**2 + 4. Let k be p(s). What is the highest common factor of k and 11?
11
Suppose 0 = 2*d + 5*c - 137, 76 - 210 = -2*d - 2*c. What is the highest common factor of d and 165?
33
Suppose r - 24 = -2*r. Suppose -4*o + 2 = -2*i, 0 = -o + 3*o - r. Calculate the highest common factor of i and 21.
7
Let g = 154 - 110. Suppose -3*l + 21 + 1 = -5*w, 0 = 3*l + 3*w - 6. What is the greatest common divisor of g and l?
4
Suppose 6 + 4 = 2*w, -b + 5*w = 15. Let r(p) = p + 4. Let k be r(0). What is the highest common factor of b and k?
2
Suppose 4*y - 2 = 2. Let l = y + 8. Calculate the highest common factor of l and 1.
1
Let q(j) = -j**2 + 12*j - 5. Let o be q(10). Suppose 324 = 3*m + 5*s + 9, 3*m + 4*s = 315. What is the highest common factor of m and o?
15
Suppose -2*j = 3*b - 13, 0 = -7*j + 4*j + 6. Let m be 11*(b/(-3) + 2). Let q(n) = 54*n**2 - n. Let l be q(-1). Calculate the greatest common factor of l and m.
11
Let t be (-56)/(-24) - 4/(-6). Suppose t*k = 0, 5*k = -l - 6 + 16. Calculate the highest common factor of 10 and l.
10
Let a(n) be the first derivative of n**4/4 + 7*n**3/3 + n**2 - 7*n + 4. Let w be a(-6). What is the highest common divisor of w and 187?
17
Let s be 8/(-4)*(3 - 90/4). Calculate the greatest common divisor of 312 and s.
39
Suppose 0 = 3*c - c - 18. Let g be (9/(-6))/((-3)/20). Let t = -4 + g. Calculate the greatest common factor of c and t.
3
Let u = -564 + 879. What is the highest common factor of 63 and u?
63
Suppose 4*d + 0*d = 4*l + 292, -d = -2*l - 74. Let b(s) = 11*s**2 - s. Let a be b(2). Suppose -5*z + 3 = -a. Calculate the highest common factor of z and d.
9
Suppose -i - 81 = -3*h + 4*i, 4*h = -2*i + 82. Let y = h - -6. Let v(m) = -14*m. Let t be v(-1). Calculate the highest common factor of y and t.
14
Suppose -4 - 21 = -5*w. Calculate the greatest common divisor of w and 15.
5
Suppose -2*t - 58 = -4*t. What is the highest common divisor of t and 29?
29
Let h(x) = 9*x**3 - 2*x**2 - 8. Let u be h(-6). Let p be 1/(-4) - u/32. Let s be 5 - -2 - (-1 - -1). Calculate the highest common divisor of p and s.
7
Suppose 140 = 2*h - 2. Suppose w - 3*p + 17 = 2*p, -3*p + 3 = 3*w. Let k be h - (w - (-1)/1). Calculate the greatest common divisor of k and 18.
18
Suppose -2*t = -10 - 4. Suppose 0 = -15*u + 14*u + 28. What is the highest common factor of t and u?
7
Suppose -b + 2*p = -118, -2*b + 376 = -5*p + 141. Suppose -b = -4*q - q. What is the greatest common divisor of 60 and q?
12
Suppose w = 73 + 78. Suppose 5*q - 706 + w = -5*b, 4*b = -q + 444. Suppose 3 = -k + b. What is the greatest common factor of k and 12?
12
Let z(y) = -y**3 + y**2 + 13. Let b be z(0). Suppose -4*t + 22 = 2*w, 3*w + b = -4*t + 40. Calculate the highest common divisor of t and 3.
3
Let c be 498/24 + (-1)/(-4). Calculate the greatest common factor of c and 7.
7
Let j(f) = f**3 + 5*f**2 - 5*f - 3. Suppose -2*z = -6*z. Suppose z*m + 2*m = -6. Let c be j(m). Calculate the highest common divisor of 6 and c.
6
Let k(z) = -z**2 + 13*z - 19. Let p be k(8). Calculate the highest common divisor of p and 126.
21
Let d(j) = -j**2 + 7*j - 7. Let m be d(5). Let k be 867/6 + m/(-6). Suppose k = t + 2*t. Calculate the highest common factor of 6 and t.
6
Suppose -29 + 104 = 5*o. What is the highest common divisor of 165 and o?
15
Suppose 6 = 3*b - 2*b. What is the greatest common divisor of b and 18?
6
Let r = 4 - -9. Let q(d) = 2*d**2 + 2*d + 26. Let y be q(0). What is the highest common divisor of y and r?
13
Let h be (-1)/((-21)/(-6)) - (-16)/7. What is the greatest common factor of 1 and h?
1
Suppose 3*q = 5 + 7. Let i(u) = -u**3 + 6*u**2 - 3*u + 2. Let x be i(q). Calculate the greatest common factor of 44 and x.
22
Suppose -v + 11*v - 60 = 0. Let z be ((-24)/10)/(4/(-50)). What is the greatest common divisor of v and z?
6
Let d(g) = -13*g**3 + g**2. Let j be d(-1). Suppose 0 = 4*h - 22 + 14. What is the highest common divisor of h and j?
2
Let w(x) = x**3 - 2*x + 2. Let t be w(2). Suppose 4*v - 18 = 18. What is the highest common divisor of v and t?
3
Let x be (-99)/(-6)*(-32)/(-6). Calculate the highest common factor of 8 and x.
8
Suppose -44 = -5*l + 4*l. What is the greatest common factor of l and 4?
4
Let t(p) be the third derivative of p**4/3 + 2*p**3/3 + p**2. Let g be t(3). What is the highest common divisor of g and 70?
14
Let v be (-72)/27*(-45)/4. What is the greatest common divisor of 75 and v?
15
Let i be 3 - -1*(0 + 16). Let k be (418/(-8))/((-2)/8). Calculate the highest common divisor of i and k.
19
Let j = 55 + 29. Calculate the greatest common factor of j and 21.
21
Let z be 47 - 2 - (1 + -4). What is the highest common factor of z and 12?
12
Let c = -148 + 265. Let r be (6/(-3) - 1)/(-1). Suppose 0 = -5*x - 5*v + 60, -2*v + 8 = x + r*v. Calculate the greatest common divisor of x and c.
13
Suppose -170 = -2*b + 2*d, 0*b - d = -3*b + 245. What is the greatest common factor of 32 and b?
16
Suppose 2*u + 2*c = -3*u + 158, 2*u + 4*c = 76. What is the highest common divisor of u and 6?
6
Let x(z) = 2*z**2 - 4*z - 8. Let j be x(-6). Let y = j + 47. Let p = 44 + -29. Calculate the greatest common factor of p and y.
15
Let m be 1/(3 - 40/14). Suppose 2*l = l + m. What is the highest common divisor of l and 21?
7
Let k = 48 + -31. Calculate the greatest common divisor of 85 and k.
17
Let k(m) = -3*m - 3. Let b be k(-6). Let j = b - -28. Let a = j + -23. What is the greatest common factor of 160 and a?
20
Let j(u) = -u**3 - 5*u**2 + 3*u + 2. Let z be j(-6). Suppose 87 = 5*r - 213. Suppose 0 = 4*y - 20 - r. What is the greatest common factor of y and z?
20
Suppose -4*d - 21 = -57. Let u = 57 - d. Let j be (-97)/(-3) - (-2)/(-6). Calculate the greatest common factor of j and u.
16
Let c(u) = 3*u**2 - 4*u + 1. Let y be c(5). Let m be 2/(-10)*(-175)/5. What is the highest common divisor of y and m?
7
Suppose -2*z - 3*q = q, 0 = -z - 5*q. Suppose 0*s = 5*r + 2*s - 14, -3*r = -s - 15. Suppose r*w = -z*w + 4. What is the greatest common factor of w and 4?
1
Let q(y) = -y**2 + 9*y - 8. Let n be q(9). Let b = -4 - n. What is the greatest common factor of b and 20?
4
Suppose 15 - 43 = -4*m. Let u = 12 - m. Suppose u*d - f - 7 = 0, d + 3*f + 2*f + 9 = 0. What is the highest common divisor of 1 and d?
1
Suppose 85 = 4*b - 35. What is the highest common divisor of 210 and b?
30
Suppose -9*o = 29 - 137. Calculate the greatest common divisor of o and 30.
6
Let z be (3/4)/((-2)/8). Let l = 1 - z. What is the highest common factor of 8 and l?
4
Suppose 3*w + 3 = -3. Let r = -2 - w. Suppose r*j = -2*j + 34. What is the highest common divisor of j and 17?
17
Suppose -5 + 31 = 2*g. Calculate the highest common divisor of 117 and g.
13
Let d = 24 + -9. Suppose 5*o + 4*f = 130, -3*o + 3*f - 32 = -137. What is the highest common divisor of d and o?
15
Let k be (4/(-12) + 0)*-231. Calculate the greatest common factor of 7 and k.
7
Let l = -20 + 22. Suppose l*p = -5*m + 3, -5*m + 2*p + 7 = -0*m. What is 